-5). Suppose 0 = 8*y - z*y + 40148. Is y composite?
False
Is 1/(-2)*3925/(-471)*121566/5 prime?
False
Let v(b) = 27*b**2 - 17*b + 3. Let s = -81 - -95. Let h be 6/s + -1 + (-7592)/728. Is v(h) a composite number?
False
Let d = 466 + -466. Let m(p) = -p**2 - 9*p + 12. Let h be m(-10). Is (-3 - (-116)/h) + d/5 prime?
False
Let c(q) = -953*q**3 - 4*q**2 - 9*q - 1. Let u be c(-3). Let h = -9466 + u. Is h composite?
True
Suppose -52*l = -60*l + 69944. Is l prime?
False
Let u(y) = 14*y**2 - 6*y + 16. Let k be u(15). Let j = 113 + -108. Suppose -k = j*h - 9371. Is h a composite number?
False
Let k(y) = -871024*y - 2217. Is k(-4) a prime number?
True
Let b(c) = -c**3 + 6*c**2 - 2*c - 3. Let a be b(5). Let i be 2/(3*(-2)/a). Is 4/i + (61 - 1) a composite number?
False
Let t = 5 + 4. Let n = 13561 - 8176. Is (30/t)/(10/n) prime?
False
Let w(i) = -203*i - 61 + 19*i + 3*i. Let z be w(-14). Suppose 2*d - 4*k = -255 + z, 2*d = 3*k + 2218. Is d a prime number?
True
Let v(f) = -1403*f + 708. Is v(-13) prime?
True
Let z = -62 + 71. Suppose 0 = -z*f + 15150 + 18843. Suppose 0 = -0*j - 3*j + f. Is j prime?
True
Suppose 4*h = -2*r + 36, 0 = 5*h + r - 0*r - 39. Suppose 8399 = h*n - 97518. Is n composite?
False
Suppose 0 = -3*w - w - 12. Let n be (-2 - 0 - -260) + w + 6. Suppose 0 = -l + 952 + n. Is l a prime number?
True
Let m be (-33)/(-12) - 5/(-20). Suppose 0 = u - 4*w - 0*w - 7, -5*u + 35 = m*w. Suppose -c - 666 = -u*c. Is c composite?
True
Let n = -9534 - -20693. Is n a prime number?
True
Suppose -5*a + 4*g + 47 = 0, -3*g = 2*a - g - 26. Suppose k + a = 4*t, -5*t - 5 = -9*k + 4*k. Suppose -2*c + k*c - 3489 = 0. Is c a prime number?
True
Let k(q) = -220*q + 7. Let o(r) = 219*r - 7. Let p(a) = -3*k(a) - 2*o(a). Let m be p(-4). Let u = -422 - m. Is u a prime number?
False
Let b(d) = 24741*d - 8560. Is b(7) a prime number?
True
Let a(k) = 2*k**3 + 18*k**2 - 2*k + 5. Let z(d) = -2*d**3 - 9*d**2 - 2*d - 7. Let l be z(-5). Let g be l/35*(-1 + 18/(-2)). Is a(g) prime?
True
Suppose -2*b + 6612 = -5886. Suppose u - b = -34*h + 32*h, u - 6241 = -4*h. Is u composite?
False
Let v(x) = 345*x**2 + 3*x + 163. Is v(-8) composite?
True
Let s = 1218020 + 333879. Is s composite?
False
Is -43*((-10 - 2573) + 8/2) a composite number?
True
Let f = 47 + -44. Let h = f + 11. Is 1774/h + (-10)/(-35) composite?
False
Suppose 5*v - 8 = 2*n, -2*v + 0*v + 8 = 4*n. Suppose -3*l - 21 - 2 = -v*i, -5*i - 2*l = -10. Suppose -3*o = -5*r + 648 - 1897, o - 405 = -i*r. Is o prime?
False
Let r = 27 + -29. Let g be ((-89)/r*28)/((-5)/(-5)). Let o = g + -525. Is o a prime number?
False
Let y(i) = 419*i. Let p be y(1). Suppose -5*r - p = -2*m, -5*m + 2*r = 3*r - 1088. Let a = m + 318. Is a a composite number?
True
Suppose 0 = -c - j - 1079, -5*c - 4417 - 938 = -5*j. Suppose -2*n - y = 273 + 126, -4*n + 2*y - 786 = 0. Let t = n - c. Is t a composite number?
False
Let i = -2389 - -4621. Let c = 4660 - i. Suppose 0*r - 3*q = -r + 1207, q = -2*r + c. Is r a composite number?
False
Suppose -16 = -4*m, -2*m + 8 = 4*k - 3*m. Suppose -k*l + 2 = -2*l. Let b(f) = 201*f + 7. Is b(l) prime?
True
Let r(u) = 0 - 21*u + 3 + u + 0 + 51*u**2. Let n be r(-8). Suppose 0 = 10*y - n + 237. Is y composite?
True
Suppose -4*m + 32 = 12. Suppose 4*z + 5*s = 651 + 2713, -m*z - 2*s + 4188 = 0. Let x = z - -525. Is x composite?
False
Suppose -4*u - 9 + 33 = 0. Suppose -u*k = -2*k - 7212. Suppose 7*a = 4588 + k. Is a a composite number?
True
Suppose -t + 3 = 2*u, 11*u - 3*t - 21 = 7*u. Is 1/(9/(3990 - u)) composite?
False
Let u = -439776 + 771955. Is u a composite number?
False
Let a(z) = -105*z**3 + 21*z**2 - 92*z - 107. Is a(-12) prime?
False
Suppose -3*z + 0*z - 15916 = 2*v, -4*z = -v - 7969. Let t = v - -11512. Is t prime?
False
Let t be ((-3690)/(-75))/(15/(-550)). Is ((-28)/16)/(11/t) a prime number?
False
Let y = -3688 + 2338. Let z = y - -2515. Is z prime?
False
Let n(m) = -m**3 - 18*m**2 - 29*m + 53. Let p be n(-16). Suppose 5*r = 2*r + 9, -p*r + 14636 = w. Is w composite?
False
Let v be 4/(-2 - -10) - 18094/(-4). Suppose -t = t - 3*h - 9076, t - v = -2*h. Suppose 2*g - t - 1012 = 2*p, -4*p = -3*g + 8321. Is g prime?
True
Suppose -f + v - 7239 = -58126, 0 = -5*f - v + 254423. Is f composite?
True
Is 584572/2 + 13*65/169 composite?
True
Let r(x) = 3334*x**2 - 34*x - 3. Suppose -2*i - 6 = -a - 12, 3*a = -3*i + 27. Is r(i) composite?
False
Let a(y) = 8894*y - 4485. Is a(19) composite?
True
Let f(n) = n**2 + 7*n + 6. Let g be f(-7). Suppose 17*o - 21*o + 8 = 0. Suppose 536 = g*y - o*y. Is y a prime number?
False
Is (-9)/(54/(-238386)) + 12 prime?
False
Is -379489*(150/(-165))/10 a composite number?
False
Let w(z) = 5*z**3 + z**2 + 6*z + 3. Let y be w(-2). Let t = 224 - y. Is t composite?
False
Let t = 347 + -353. Is (1779/t)/((-21)/42) composite?
False
Is 1048661 + (29 - 8) - -21 prime?
True
Suppose -25*r + 9*r + 64 = 0. Suppose 4*u + 746 = r*f - 3*f, 2*f - 1507 = 5*u. Is f prime?
False
Suppose -3*v + 8*v + 29525 = 0. Let p(t) = 292*t + 86. Let z be p(-14). Let f = z - v. Is f a prime number?
False
Let w(m) = -m**2 + 36*m - 13. Suppose a - 13*b + 12*b = 13, -38 = -2*a - 2*b. Is w(a) a prime number?
True
Let p = -48 - -63. Suppose 0 = -5*u - p, -c - 2*u - 13 = 3*u. Is 227/c*24/6 a composite number?
True
Let o be 33/(-11) + (3 - -8167). Suppose -7*q + o + 1332 = 0. Is q a composite number?
True
Let x be 193902/(-54) - (-6)/(-27). Let v = x - -5239. Suppose -482 + v = 3*g - 4*d, -2*g + 744 = 4*d. Is g composite?
True
Let z be (11 + -10)/(1/4). Let a be 4/6*(-3351)/(-2). Suppose 855 = z*g - a. Is g composite?
True
Let h be -1*(-4 - -3)*10133. Suppose 2*r - 10128 = -2*u, 0 = -2*r + 15*u - 12*u + h. Is r a prime number?
False
Suppose 3*l - 186 + 0 = 0. Suppose -60*i + l*i - 730 = 0. Is i a prime number?
False
Let g = 219148 - -124849. Is g a prime number?
True
Suppose 152637 + 736668 = 15*x. Is x a prime number?
False
Let b = -10986 + 12035. Is b a composite number?
False
Suppose -1186773 = -182*m + 3180317. Is m composite?
True
Let q(i) = -13 + 3*i**2 + 5 + i + 15 + 3. Let h be q(16). Suppose -3191 = -5*y + h. Is y a composite number?
False
Suppose 24*w - 34799 = w. Let t = 3108 + w. Is t a prime number?
True
Let m(t) = 8679*t**2 - 215*t + 1315. Is m(6) prime?
True
Let h be 8169/483 + (-6)/(-69). Suppose 50014 = 3*w + b, h*w - 22*w - 3*b = -83350. Is w a prime number?
True
Let n = 5 + -3. Suppose -y + 4*g - n*g = -9117, -10 = 2*g. Is y composite?
True
Suppose -2*a = -139 + 147, -3*a - 337978 = -2*k. Is k a composite number?
True
Let k(v) = 91*v**2 + 12*v - 142. Is k(-9) a prime number?
True
Suppose 35*k = 13*k + 76516. Suppose 0*l + 3*l = -7317. Let i = l + k. Is i a prime number?
True
Let w(y) = -31*y**3 - 6*y**2 - 11*y + 5. Let m be (-8)/(-80)*4 - (-27)/(-5). Is w(m) composite?
True
Let n = -34250 + 51819. Is n composite?
False
Let c = 84412 + -44811. Is c a prime number?
False
Let t(d) = -99*d**3 + d**2 + 4*d. Let j be t(-4). Suppose 382 + j = 2*k. Is k a composite number?
False
Suppose -z + 4 + 28 = 2*p, p - 101 = -3*z. Suppose 0 = -z*g + 74535 + 21311. Is g a prime number?
True
Suppose -2*j + 5*x + 21 = 4*x, 0 = 4*j + 5*x - 7. Is 82 + j - (0 + -1) prime?
False
Let g(k) = 7*k**2 + k - 1. Let z be g(1). Suppose 0 = m - 3 + z. Is (3 - -252) + (m - -3) composite?
True
Let a be -15*(1 + (-21)/15). Suppose -a*c = -c - 60. Let o(r) = -r**3 + 13*r**2 - 11*r + 2. Is o(c) composite?
True
Let g = 127465 + -18470. Is g a prime number?
False
Let m = -47 - -51. Suppose m = -x + 3*x. Let t(j) = 308*j**2 - 1. Is t(x) composite?
False
Let g be 3/(-2)*(-76)/(-3 + 5). Suppose -2 = b + g. Let d = -49 - b. Is d prime?
False
Is -4*(-1)/4 - 545648/(24/(-3)) prime?
True
Let j(i) = 1482*i - 24. Let k be j(6). Suppose -2*s + k = 4*x, -s = -2*x - 0*x + 4442. Is x a prime number?
False
Let b = 34840 + -19739. Is b prime?
True
Suppose 892787 + 6787154 = 47*d. Is d a composite number?
False
Let j = 313696 - -15873. Is j prime?
False
Is (-10)/(-20) - (88578900/(-8))/9 prime?
True
Is ((-4)/5 + 1 - (-20)/150)*159603 composite?
False
Suppose y - 746123 = -2*t, -227516 + 973627 = y - 4*t. Is y composite?
True
Let h(t) = t**3 - 26*t**2 - 78*t + 90. Is h(43) prime?
False
Let i(u) = 6*u**2 - 43*u + 24. Let s be i(6). Let w(h) = -23 - 5*h**3 - 4*h**3 + 10*h*